 v(m) = 5 + k*m - 3*m**3 + 2*m**3 + 3*m + 4*m**2. What is v(5)?
-5
Let a(w) = 2*w**2 - 2*w - 1. Let z(m) be the second derivative of m**4/4 - m**2/2 + 10*m. Let d be z(1). Determine a(d).
3
Let f = 1 + 0. Let w be f/(1 + (-2)/4). Suppose 7 = 5*y + w. Let s(x) = x**3 + 2*x**2 - 2*x + 1. Calculate s(y).
2
Suppose 10*x = -24 + 14. Let b(a) = 5*a**2 - 2*a + 3*a + a**2. Give b(x).
5
Let c(w) = w**2 - 6*w - 6. Let m be c(7). Let b(t) = 0 - 8*t + 18*t - 11*t - m. Give b(3).
-4
Let a(d) = -5*d**2 - d - 1. Suppose -4*h + 0*h - 4 = 0. Determine a(h).
-5
Suppose -5*u + 13 = 3. Let i(c) be the first derivative of 5*c**3/3 - c**2/2 - 2*c - 2. Let n(g) = -g**2 - g + 1. Let y(z) = -i(z) - 2*n(z). What is y(u)?
-6
Let j = -181 + 190. Let r(l) = l**3 - 10*l**2 + 10*l - 12. Give r(j).
-3
Let v be 0 - (-6)/(2 - -1). Suppose -v*j + 1 = -j. Let r be 0*(-3 + 2) + j. Let l(w) = w**3 - w**2. Calculate l(r).
0
Let w(c) = -6*c - 3. Let p be w(-2). Let x(z) = -z + 3*z**3 + 3*z**2 - 1 - 8*z**2 + p*z**2 - 4*z**3. Calculate x(3).
5
Let n(i) be the third derivative of 1/2*i**3 - 1/20*i**5 + 0*i - 5/24*i**4 - 4*i**2 + 1/120*i**6 + 0. Calculate n(3).
-12
Suppose 0 = -4*z + 4, -z + 5 = 3*k - 2*z. Let h(a) = -a**2 - a. Let m(b) = 2*b**2 + 3*b. Let g = -4 - -7. Let v(t) = g*m(t) + 7*h(t). What is v(k)?
0
Let o(c) = 5*c**2 - c. Let b be ((-11)/11 + (1 - -1))/1. Determine o(b).
4
Let n = 9 + -8. Let b(g) = 5*g + 1. Calculate b(n).
6
Let n(m) = m**2 - m - 1. Let f(w) = 1 - w**2 + 1 + 0*w**2 + w. Let s(k) = f(k) + 2*n(k). Let x(y) = -y + 1. Let a be x(-1). What is s(a)?
2
Let y(z) = -z**3 + 8*z**2 - 7*z + 5. Let a be y(7). Let p(v) = v**2 - 3*v + 6. Determine p(a).
16
Let m(f) = f + 3. Suppose 0 = -2*g - 3*h - 6, -h + 3 = -g + 4*h. Determine m(g).
0
Let j(v) = v**2 + v - 2. Let y be j(-2). Suppose -4*n + 7 = k - y, 1 = n + k. Let p = n - 6. Let r(m) = m**2 + 6*m + 6. Calculate r(p).
-2
Let r be (-3 + 5 + 2)/1. Let o(p) = -5*p + 2 - 1 + 4*p. Determine o(r).
-3
Let p(h) = h + 2*h + 2*h - 4*h - 2*h**2 + 15*h**3. Calculate p(1).
14
Let l(v) = 6*v**2 - 11*v - 6*v + 15*v - 7 + v**3. Determine l(-6).
5
Let h(p) be the third derivative of p**4/24 - p**2. Let n be -5*(9/(-5) - -1). Suppose -n*m - 25 = -5. Give h(m).
-5
Let b(h) = -h**2 - 2*h + 7. Suppose 4*i + 2*n + 7 = i, -10 = -2*i - 5*n. What is b(i)?
-8
Let a(q) = q**2 - q - 8. Let w(m) = m + 1. Let n(v) = a(v) + 4*w(v). What is n(3)?
14
Let c(u) = -u. Let p be c(0). Let y(v) = -5*v**3. Let m(n) = 6*n**3. Let b(o) = -4*m(o) - 5*y(o). What is b(p)?
0
Let o(b) = b**2 + 2*b + 3. Let f be o(-3). Suppose 2*v = 14 - f. Let s(g) be the second derivative of g**3/6 - 3*g**2/2 + 29*g. Calculate s(v).
1
Let o(z) = -2*z**3 + 2*z**2 + z - 1. Let a be o(-1). Let s(y) = -3*y**2 + 2*y. Determine s(a).
-8
Let g be (-11)/2 + 2/4. Let c(v) = 7*v**2 - 11*v**2 - 27 + 5*v - v**3 + 28. What is c(g)?
1
Let r(q) = -11*q**2 + 25*q - 9. Let i = 6 - 1. Let z(b) = 2*b + 5*b**2 - 9*b - 1 - 5*b + i. Let h(l) = -6*r(l) - 13*z(l). Give h(-6).
2
Let x(f) = -16*f**2 - f + 31. Let w(y) = 32*y**2 + y - 62. Let u(b) = 3*w(b) + 7*x(b). Let z(t) = 3*t**2 + t - 6. Let a(o) = -2*u(o) - 11*z(o). Calculate a(-4).
0
Let f(y) = 4*y**3 - 5*y**2 + 2*y - 5 + 1 - 3*y**3. Calculate f(5).
6
Let s = 10 + -6. Let j be (-1 + 2/s)*14. Let l(r) = r + 3. Calculate l(j).
-4
Let w be (24/(-20))/(6/(-20)). Suppose -l + w*o = 18, -4*o = -l - 2*o - 8. Let r(f) = 4*f - 2*f - l*f**2 + 2 + 4*f**2 + 0*f. What is r(-2)?
6
Let i(v) = -v - 4. Let f(x) = 2*x**2 - 4*x + 2. Let z be f(2). Let r be z/(-8) - (-2)/8. Determine i(r).
-4
Let x(r) = -3*r**3 + 3*r**2 + r**3 - 4*r + 2 + 3*r**3. Suppose 2*q + t = -4*t - 16, t + 4 = 0. Suppose -4 = 3*m - q*m. Determine x(m).
2
Let j = 7 - 19. Suppose 2*f + 0*f + 4 = 0, 3*d = -4*f - 32. Let t = d - j. Let w(x) = 3*x - 6. Give w(t).
6
Let g(q) = -q**2 + q - 12. Let n = 31 - 31. What is g(n)?
-12
Let y(l) = -5*l + 1. Let p be -2 - (-3 - -2)/1. Let a be 0 - (p - (-6)/3). Give y(a).
6
Let a be (2/(-3))/((-4)/6). Suppose 7 - a = -3*z. Let k(f) be the third derivative of -f**6/60 - f**5/15 - f**4/6 - f**3/2 + 12*f**2. Calculate k(z).
5
Suppose 0 = 5*j + g - 4*g - 27, 3*g = -5*j + 3. Let z(c) = -j*c + c**2 - 1 + 4*c - 2*c. Let d be 2/4 - (-6)/4. What is z(d)?
1
Let t(n) = 17*n - 2*n - 2 - 6*n. Determine t(-2).
-20
Let c = 5 + -10. Let f = 14 + c. Let d be (-6)/f - (-1)/(-3). Let v(n) = 10*n + 1. What is v(d)?
-9
Let h(q) = 4*q - 3*q - 2 + 2 - 1 - 4*q**2. Determine h(1).
-4
Let d = 36 - 33. Let r(x) be the third derivative of 0*x + 0 - x**2 - 1/8*x**4 - 1/6*x**d. Give r(-1).
2
Let l(y) = y - 2. Suppose 4*t + 0*t - 16 = 0. Let h = 14 + -10. Suppose -10 = 2*q + t*n, -4*n - 30 = -h*q + 2*q. Give l(q).
3
Let s(r) be the second derivative of r**2 + 1/6*r**4 + 1/10*r**5 + 0 - r + 1/6*r**3. Suppose 2*d = -2*d - 8. Determine s(d).
-8
Let v(s) = 3*s**2 + 19*s - 2. Let l(q) = 2*q**2 + 10*q - 1. Let h(p) = 5*l(p) - 3*v(p). Let i = 3 + -1. Suppose i = -4*k + 22. What is h(k)?
-9
Let n(l) = 2*l**3 - 3*l**2 + 3*l - 1. Let v(y) = y - 11 + 6 - 4. Let q be v(11). Determine n(q).
9
Let n(p) be the second derivative of 0 + 1/6*p**3 - 2*p + 2*p**2. Let j = 27 + -24. Calculate n(j).
7
Let f(c) = -c - 1. Suppose 2*w = -a - 21, 24*a + 6 = -2*w + 26*a. Calculate f(w).
7
Let g(a) = -2*a - 11. Let i(c) = -3*c + 10. Let f be i(6). Calculate g(f).
5
Let a(z) = -z**3 - 2*z**2 + 4*z + 3. Let m be a(-3). Suppose m*n = -2*n + 4. Let q(l) = -3 - n - l + 4. Give q(-4).
3
Let o(r) be the second derivative of -r**5/20 - 7*r**4/12 + r**3/3 - r**2 - 16*r. Determine o(-7).
-16
Suppose 2*r - 12 = 2*u - 2, r - 5 = -5*u. Let o(d) be the third derivative of d**5/60 - d**4/24 - d**3/2 + 46*d**2. What is o(u)?
-3
Let w(x) = x**3 + 2*x**2 + 2*x + 3. Suppose 2*t = -2 - 4. Determine w(t).
-12
Suppose 0 = -2*f - 0*f + 4. Suppose 0 = y + x + 1, -f*y + x = 2*y + 19. Let p(d) = d**2 + 2*d - 1. Determine p(y).
7
Let x(w) = -8*w**3 - 2*w**2 + 2*w - 1. Let c be ((-3)/(-2))/((-12)/(-8)). Let q(i) = i. Let l be q(c). What is x(l)?
-9
Let t(z) = -z + 18. Let l(c) = -c + 19. Let o(b) = 5*l(b) - 6*t(b). What is o(7)?
-6
Let g(b) = -2*b - 7. Let f(c) = c + 4. Let n(w) = -7*f(w) - 4*g(w). Let y be n(1). Let i(k) be the first derivative of -3*k**2 + k - 4. Determine i(y).
-5
Let u(z) = -5*z**2 + z**2 + 5*z**2 + 2. What is u(3)?
11
Let c(i) = 6*i + 1. Let f(y) = -3*y - 7. Let l be f(-5). Let u = l - 9. Give c(u).
-5
Let h be (-13)/39 + 20/6. Let x = -2 + 4. Let q(i) = -1 - x*i**2 - 3 + 3*i**2. What is q(h)?
5
Suppose 3*h = i + 43, -i - 29 = -3*h + h. Let p = h + -10. Let k(j) = 2 + 0*j**3 - 2*j**3 + 3*j + p*j**3 + 4*j**2. Calculate k(-2).
-4
Let m(b) be the second derivative of b**3/6 - 7*b**2/2 - 9*b. What is m(5)?
-2
Let f(z) = 5*z**2 + 7*z + 1. Let p(u) = -6*u**2 - 7*u - 1. Let i(t) = 7*f(t) + 6*p(t). Determine i(6).
7
Let k(v) be the first derivative of -v**2 + v + 15. Let h = -1 - 0. Determine k(h).
3
Let m be -2*-1*2/(-4). Let c(t) = 16*t. Calculate c(m).
-16
Suppose 0 = -4*k - 4, 5*b + k + 21 = -0*k. Let g(s) = 6 + s - 5 + 2*s**2 + 5*s. What is g(b)?
9
Let h(g) = -g**2 + 4*g - 6. Let o(a) be the first derivative of -a**2 - 4*a + 1. Let p be o(-5). Let y be (-24)/9*(-9)/p. Give h(y).
-6
Let z(f) = -f**2 - 5*f + 6. Let g(o) = o**3 - 5*o**2 - 8*o + 7. Let l be g(6). Calculate z(l).
6
Let d(n) = n - 7. Let c(l) = 2. Let k(t) = 2*c(t) + d(t). Give k(5).
2
Let d(k) be the third derivative of -k**5/60 - k**4/3 + k**3 + 2*k**2 - 26*k. Determine d(-8).
6
Let z be (1 + 0)*(-1 + 0). Let s(o) = 4*o**2 - 1. Let t be s(z). Let v(q) = -2*q**2 - q. Let r(c) = -c**2 + c. Let j(d) = -3*r(d) + v(d). Calculate j(t).
-3
Let d(y) = y**3 - 6*y**2 + 6*y + 2. Let s = 103 - 98. Give d(s).
7
Let z(s) be the third derivative of s**7/2520 + s**6/180 - s**5/30 + 3*s**4/8 - s**2. Let h(t) be the second derivative of z(t). Determine h(-5).
1
Let y(q) = q**3 - 11. Suppose 5*h = -s + 2, -2*h - 4*s + 6 = -2. What is y(h)?
-11
Let g = -3 + 8. Let h(c) = -c - 1. Let z(m) = m**2 - 2*m + 9. Let p(r) = 4*h(r) + z(r). Calculate p(g).
0
Let g(t) be the second derivative of t**6/240 + t**5/120 - t**4/12 - 4*t. Let o(u) be the third derivative of g(u). Determine o(1).
4
Let m = -31 + 38. Let w(t) = t**2 - 8*t. What is w(m)?
-7
Suppose 5*u + 1 - 11 = 0. Suppose -3 + 4 = -r